b**2 - 2*b - 17 + 3*b - 18 + 2. Suppose -5*d = 5*c - 455, 2*c = -2*c + 5*d + 355. What is the remainder when c is divided by f(7)?
21
Let v(z) = -z**3 + 18*z**2 + 13*z - 27. Let w be v(18). What is the remainder when 2*-1*w/(-6) is divided by 12?
9
Suppose 0 = 2*q - 35 + 7. Suppose -16*k = -8*k - 424. What is the remainder when k is divided by q?
11
Calculate the remainder when 354 is divided by 1 - (-13 + 9) - 6*-11.
70
Let c = 21 - 13. Let g = c - -19. Calculate the remainder when g is divided by 10.
7
Let h = -14 + -29. Let w = h - -75. Suppose -f = -2*f + 11. Calculate the remainder when w is divided by f.
10
Let y = -579 + 583. What is the remainder when 101 is divided by y?
1
Suppose -5*d + 80 = -d + 4*w, 3*w + 15 = 2*d. Let t = d + 35. Calculate the remainder when t is divided by 17.
16
Suppose 0 = 422*o - 431*o + 2754. What is the remainder when o is divided by 22?
20
Calculate the remainder when 346 is divided by (-184)/(-16) + 21/14.
8
Suppose 60 = 25*t - 22*t. Suppose -5*l + 2*n - n = 91, 0 = -l + 2*n - t. Let r(k) = -5*k + 11. What is the remainder when r(l) is divided by 34?
33
Suppose 4*c - o - 135 = 0, -3*o - 20 = -c - 0*o. Calculate the remainder when 45 is divided by c.
10
Suppose 75 = 5*k - 5*i, 3*i = 2*k - 2*i - 30. Let j(b) = 4*b**3 - b**2 - 14*b + 27. Calculate the remainder when j(2) is divided by k.
12
Let c = -20 - -4. What is the remainder when 7 is divided by c/(-6) - 5/(-15)?
1
Suppose 16 = 4*m - d, 2*m + 6*d - 3*d = 8. Suppose 5*o + 4*p - 534 = 186, 720 = 5*o - m*p. What is the remainder when o is divided by 37?
33
Let q = 2179 + -2047. What is the remainder when 2242 is divided by q?
130
Suppose 9*o - 21 = 8*o. Calculate the remainder when 124 is divided by o.
19
Let i = -328 - -341. What is the remainder when 32 is divided by i?
6
Suppose -2*w + 296 = 2*k, k + 71 - 231 = 3*w. Calculate the remainder when k is divided by 38.
37
Suppose -3*c + 115 = 2*c. What is the remainder when c is divided by (14/5)/(14/70)?
9
Suppose 4*q - t = 90 + 356, 2*t + 4 = 0. Let k(i) = i + 77. What is the remainder when q is divided by k(-49)?
27
Suppose -45*c = -102*c + 570. Calculate the remainder when 105 is divided by c.
5
Suppose 3*w = 4*m - 201, -w - 57 = -m + 2*w. What is the remainder when m is divided by 34?
14
Suppose 452 - 78 = 17*p. Calculate the remainder when 263 is divided by p.
21
Let i(m) = m + 21. Calculate the remainder when 152 is divided by i(-4).
16
Let p = 284 + -267. Calculate the remainder when p is divided by 8.
1
Suppose 147*s - 145*s - 30 = 0. Calculate the remainder when s is divided by 6.
3
Let l(c) = c**2 - 31*c + 52. Suppose 5*x + 10 = 3*a - 13, 21 = a - 5*x. Let r(t) = 42*t + 1. Calculate the remainder when r(a) is divided by l(30).
21
Suppose -35 = 4*r - 87. Suppose 0 = -8*q + r*q - 195. Calculate the remainder when q is divided by 8.
7
Suppose 2*z - 21 = 7. Let p = z + -10. Suppose 0*t + 20 = -4*t, 0 = 4*q + 4*t - p. Calculate the remainder when 29 is divided by q.
5
Let y(g) = 14*g**2 + 38*g + 19. Calculate the remainder when 396 is divided by y(-3).
24
Let w = -27 + 85. Calculate the remainder when w is divided by 10.
8
Let w(r) = 228*r - 2 + 0 - 12 - 236*r. Calculate the remainder when 67 is divided by w(-4).
13
Calculate the remainder when 123 is divided by (-5 - -7)*(-1 - (-135)/6).
37
Let c(g) = g**3 + 12*g**2 - 20*g - 18. Calculate the remainder when c(-13) is divided by 25.
23
What is the remainder when 746 is divided by (-3)/7 - (5808/(-77) - 8)?
82
Let a be -2 - (0/(3/(-1)))/2. What is the remainder when ((-13)/((-130)/12))/(a/(-65)) is divided by 10?
9
Let p(n) = -n**2 + 4*n + 4. Let i be p(4). Suppose -20 - 24 = -i*k - 2*r, 2*k - 38 = -5*r. Let v = -15 - -21. Calculate the remainder when k is divided by v.
3
Let n(j) = j - 12. Let o be n(19). Let u = o - -55. Suppose i + 14 = u. Calculate the remainder when i is divided by 18.
12
Suppose 7*f = 80 - 3. Calculate the remainder when 111 is divided by f.
1
What is the remainder when 56 is divided by 2 - (-3 - -5 - 24)?
8
Suppose -10*j + u + 16 = -9*j, -5*u - 14 = j. What is the remainder when 25 is divided by j?
3
Let g(d) = -d**3 + 8*d**2 + 5*d. Suppose 16*f = 12*f + 168. Suppose -f = -c - 13. Calculate the remainder when g(7) is divided by c.
26
Calculate the remainder when 18 is divided by (1 - -13)/((6/(-1))/(-3)).
4
Suppose 35*y - 13280 + 785 = 0. What is the remainder when y is divided by 12?
9
Calculate the remainder when 19 is divided by 3/(-15)*30/(-1).
1
Let w = -880 - -887. Calculate the remainder when 27 is divided by w.
6
Let s = -67 - -65. Let x = -75 + 142. Calculate the remainder when x is divided by (17/2)/(1 - s/(-4)).
16
Let l = 8426 + -8305. What is the remainder when l is divided by (25/(-3))/(1/(-3))?
21
Let b be (-2 + -10)*(-1)/3. Let f(r) = -7*r + 7*r**2 + b - 2 + 6 - r**3 + 0. Calculate the remainder when f(6) is divided by 2.
0
Suppose -2*m - 11 + 3 = 0, -5*q + 65 = -5*m. Let w(x) = -x**2 + 11*x + 10. Let o be w(q). Let l = 87 - o. What is the remainder when l is divided by 20?
19
Let l be 95/(-9 + 4) + 3. Let x = 1 - l. What is the remainder when 65 is divided by x?
14
Suppose 0 = -263*f + 257*f + 108. What is the remainder when 302 is divided by f?
14
Calculate the remainder when ((-466)/6)/((-3)/(-27)*-3) is divided by 59.
56
Calculate the remainder when 165 is divided by (-16)/(-36) + 1554/27.
49
Let g(m) = -m**2 + 14*m - 10. Suppose 3*z - 24 = 24*s - 28*s, -4*s + 4*z = -52. What is the remainder when g(9) is divided by s?
8
Let q be 20/(-5) + -1 + 4. Let x be (-1 - q) + (1 - 0). What is the remainder when (-327)/(-15) + x/5 is divided by 9?
4
Let m(t) = -2*t + 2. Let f be m(-1). Suppose 3*n - f*d - 55 = 0, 0 = n - 4*d + d - 20. What is the remainder when n is divided by 3*5*(-6)/(-10)?
8
Let k(r) = r**3 + r**2 + 116. Let w be k(0). Let d = 1 + w. Suppose 0*i + 150 = 5*i. Calculate the remainder when d is divided by i.
27
Let f(d) = -19*d - 25 + 32*d - 16*d. Calculate the remainder when f(-17) is divided by 2.
0
Suppose 4*v + 5*j - 8 = 0, 5*v - 28 - 23 = 4*j. Suppose 2*z - v - 13 = 0. Calculate the remainder when 4/(2 + (-13)/7) is divided by z.
8
Suppose -5*o + 11 = -24. What is the remainder when (1 + o/(-2))/((-3)/42) is divided by 13?
9
Let v(h) = 3*h**2 - 18*h + 90. What is the remainder when 468 is divided by v(4)?
6
Suppose -7*c + 4*c - 2868 = -2*m, -c + 5750 = 4*m. Calculate the remainder when m is divided by 45.
42
Let k(o) = -o**3 - 32*o**2 + 4*o + 131. What is the remainder when 28 is divided by k(-32)?
1
Suppose -98 = -2*p - 2*k, -29*p + 30*p = 4*k + 49. Suppose -2*s - 12 = 2*q - 0*s, 4*q = 3*s + 11. Calculate the remainder when p is divided by (-50)/(-4) - q/2.
10
Let h(o) = 2*o + 9. Let a be h(-3). Suppose -3*f - 2*v + 15 = -a, 0 = 2*f - 2*v - 12. What is the remainder when f is divided by 4?
2
Let k be 14 + (-3 - (-1 - -2)). Suppose k = 2*l - 8. What is the remainder when 32 is divided by l?
5
Suppose -46*u - 180 = -56*u. Calculate the remainder when 26 is divided by u.
8
Suppose 63 = 11*j - 47. Suppose 53 = l + z, 0*l - 3*l + 3*z = -183. What is the remainder when l is divided by j?
7
Let g(t) = -2*t**2 + 54*t - 4. Calculate the remainder when g(10) is divided by 13.
11
Let m = 23 + -1. Let l be 12/30 - m/5. Calculate the remainder when 73 is divided by 0/l + 25 + 0.
23
Let m(g) = 8*g**2 - 7*g - 3. Let r be 2/4 + 135/30. Let u be m(r). Let d = u + -100. What is the remainder when d is divided by 17?
11
Suppose -7*u + 3*u = -4*p - 304, -2*p = 6. Calculate the remainder when 362 is divided by u.
70
Let u(k) = -k**3 - 7*k**2 - 15*k - 9. Calculate the remainder when 109 is divided by u(-5).
13
Suppose 3*l = 5*l - 2*u - 24, 0 = -l + 2*u + 8. Let r = l + 17. Calculate the remainder when r is divided by 5.
3
Let t = -62 - -243. Suppose -5*d = -25, 0 = -4*k + k - 5*d + t. Suppose -3*i + k = -8. What is the remainder when i is divided by 11?
9
Let z(p) = p - 7. Let i be z(-6). Let j(t) = t**3 + 13*t**2 - 3*t + 5. Calculate the remainder when j(i) is divided by 9.
8
Suppose -67*r + 80*r - 364 = 0. Calculate the remainder when 1091 is divided by r.
27
Suppose w + 3 + 0 = 0. Let a be 6/4*(-8)/w. Suppose 100 = 5*k - 5*g, 0 = 3*k + k + a*g - 112. What is the remainder when 93 is divided by k?
21
Let r(v) = -